{"id":162,"date":"2019-01-21T22:07:34","date_gmt":"2019-01-21T22:07:34","guid":{"rendered":"https:\/\/www.migranet-mv.de\/?page_id=162"},"modified":"2026-02-05T00:11:38","modified_gmt":"2026-02-04T23:11:38","slug":"die-struktur","status":"publish","type":"page","link":"https:\/\/www.migranet-mv.de\/?page_id=162","title":{"rendered":"die Struktur"},"content":{"rendered":"\n<h5 class=\"wp-block-heading\">Die struktur des Netzwerks<\/h5>\n\n\n\n<p>Das Netzwerk entwickelte eine Organisationsstruktur, die auf der ersten Konferenz der MSO in MV einstimmig beschlossen wurde. Diese Struktur wird st\u00e4ndig bei den Konferenzen bei Bedarf aktualisiert.<\/p>\n\n\n\n<h5 class=\"wp-block-heading\">Organe des Netzwerks<\/h5>\n\n\n\n<p>Der <span class=\"otroestilo\">Sprecherrat <\/span>wird jeweils f\u00fcr eine Amtszeit von drei Jahren gew\u00e4hlt.<\/p>\n\n\n<div class=\"su-list\" style=\"margin-left:0px\">\n<ul>\n<li><i class=\"sui sui-genderless\" style=\"color:#32a50a\"><\/i> Sprecherrat:<\/li>\n<\/ul>\n<\/div>\n\n\n\n<p>2 Vertreter der MSO aus 6 Landkreise in MV sowie<br>3 Vertreter der MSO aus 2 kreisfreien St\u00e4dte in MV trifft sich mit bis zu 18 Mitgliedern bis zu 3 x im Jahr zu seinen Sitzungen, <br>Sitzungsleitung: Sprecher des NETZWERKS<br>Der Sprecher*innenrat w\u00e4hlt zwei Personen (m\/w\/d) und drei stellvertretende Personen (m\/w\/d) f\u00fcr 3 Jahre.<\/p>\n\n\n\n<p>Die Konferenz der MSO trifft sich demnach einmal j\u00e4hrlich an verschiedenen Orten MVs. Im Rahmen der Konferenzen werden wichtige Beschl\u00fcsse f\u00fcr die Arbeit des Netzwerkes gefasst.<\/p>\n\n\n<div class=\"su-list\" style=\"margin-left:0px\">\n<ul>\n<li><i class=\"sui sui-genderless\" style=\"color:#32a50a\"><\/i> Konferenz:<\/li>\n<\/ul>\n<\/div>\n\n\n\n<p>1x j\u00e4hrlich als Mitgliedervollversammlung der Vertreter der MSO&#8217;n in MV Konferenzleitung: Sprecher des NETZWERKS <\/p>\n\n\n\n<p>Die Gesch\u00e4ftsstelle des Netzwerks ist bei <span class=\"otroestilo\">FABRO e.V. <\/span>angesiedelt.<\/p>\n\n\n\n<h5 class=\"wp-block-heading\">Die Sprecher*innen von MIGRANET-MV<\/h5>\n\n\n\n<div class=\"su-row sprecher\">\n<div class=\"su-column su-column-size-1-2\"><div class=\"su-column-inner su-clearfix\">\n<img decoding=\"async\" loading=\"lazy\" src=\"https:\/\/www.migranet-mv.de\/wp-content\/uploads\/\u00fcber-uns\/die-struktur\/Hassan-Jansar.jpg\" alt=\"\" class=\"wp-image-3521\" width=\"210\" height=\"100%\">\n<p style=\"color:#8c8c8c\" align=\"center\">Hassan Jansar<br><span class=\"otroestilo\">Stellvertreter<\/span><\/p>\n<\/div><\/div>\n<div class=\"su-column su-column-size-1-2\"><div class=\"su-column-inner su-clearfix\">\n<img decoding=\"async\" loading=\"lazy\" src=\"https:\/\/www.migranet-mv.de\/wp-content\/uploads\/\u00fcber-uns\/die-struktur\/Oqba-Bry.jpg\" alt=\"\" class=\"wp-image-3521\" width=\"210\" height=\"100%\">\n<p style=\"color:#8c8c8c\" align=\"center\">Oqba Bry<br><span class=\"otroestilo\">Stellvertreter<\/span><\/p>\n<\/div><\/div>\n<\/div>\n\n\n\n<div class=\"su-row sprecher\">\n<div class=\"su-column su-column-size-1-2\"><div class=\"su-column-inner su-clearfix\">\n<img decoding=\"async\" loading=\"lazy\" src=\"https:\/\/www.migranet-mv.de\/wp-content\/uploads\/\u00fcber-uns\/die-struktur\/Mohammad-Jarjanazi.jpg\" alt=\"\" class=\"wp-image-3521\" width=\"210\" height=\"100%\">\n<p style=\"color:#8c8c8c\" align=\"center\">Mohammad Jarjanazi<br><span class=\"otroestilo\">Co- Sprecher<\/span><\/p>\n<\/div><\/div>\n<div class=\"su-column su-column-size-1-2\"><div class=\"su-column-inner su-clearfix\">\n<img decoding=\"async\" loading=\"lazy\" src=\"https:\/\/www.migranet-mv.de\/wp-content\/uploads\/\u00fcber-uns\/die-struktur\/Valentina-Engler.jpg\" alt=\"\" class=\"wp-image-3521\" width=\"210\" height=\"100%\">\n<p style=\"color:#8c8c8c\" align=\"center\">Valentina Engler<br><span class=\"otroestilo\">Co-Sprecherin<\/span><\/p>\n<\/div><\/div>\n<\/div>\n\n\n\n<h5 class=\"wp-block-heading\">Gesch\u00e4ftsstelle FABRO e.V.<\/h5>\n\n\n\n<div class=\"su-row sprecher\">\n<div class=\"su-column su-column-size-1-2\"><div class=\"su-column-inner su-clearfix\">\n<img decoding=\"async\" loading=\"lazy\" src=\"https:\/\/www.migranet-mv.de\/wp-content\/uploads\/\u00fcber-uns\/die-struktur\/Samer-Haj-Khamis.jpg\" alt=\"\" class=\"wp-image-3521\" width=\"210\" height=\"100%\">\n<p style=\"color:#8c8c8c\" align=\"center\">Samer Haj Khamis<br><span class=\"otroestilo\">Projektleiter<\/span><\/p>\n<\/div><\/div>\n<div class=\"su-column su-column-size-1-2\"><div class=\"su-column-inner su-clearfix\">\n<img decoding=\"async\" loading=\"lazy\" src=\"https:\/\/www.migranet-mv.de\/wp-content\/uploads\/\u00fcber-uns\/die-struktur\/Gergana-Terzyiska.jpg\" alt=\"\" class=\"wp-image-3521\" width=\"210\" height=\"100%\">\n<p style=\"color:#8c8c8c\" align=\"center\">Gergana Terzyiska<br><span class=\"otroestilo\">Projektmitarbeiterin MIGRANET-MV<\/span><\/p>\n<\/div><\/div>\n<\/div>\n\n\n\n<h5 class=\"wp-block-heading\">Der Sprecherrat<\/h5>\n\n\n\n<h6 id=\"r\">F\u00fcr die Stadt Rostock<\/h6>\n\n\n<div class=\"su-list\" style=\"margin-left:0px\">\n<ul>\n<li><i class=\"sui sui-genderless\" style=\"color:#32a50a\"><\/i> <span class=\"otroestilo\">Zum 1. Sprecherratsmitglied: <\/span>Hassan Jansar<\/li>\n<li><i class=\"sui sui-genderless\" style=\"color:#32a50a\"><\/i> <span class=\"otroestilo\">Stellvertreter: <\/span>Omid Naghavi<\/li>\n<li><i class=\"sui sui-genderless\" style=\"color:#32a50a\"><\/i> <span class=\"otroestilo\">Zum 2. Sprecherratsmitglied: <\/span>Rona Noori<\/li>\n<li><i class=\"sui sui-genderless\" style=\"color:#32a50a\"><\/i> <span class=\"otroestilo\">Stellvertreter: <\/span>Anastasiia Hnieusheva<\/li>\n<li><i class=\"sui sui-genderless\" style=\"color:#32a50a\"><\/i> <span class=\"otroestilo\">Zum 3. Sprecherratsmitglied: <\/span>Valentina Engler<\/li>\n<li><i class=\"sui sui-genderless\" style=\"color:#32a50a\"><\/i> <span class=\"otroestilo\">Stellvertreter: <\/span>Felipe K\u00f6nig<\/li>\n<\/ul>\n<\/div>\n\n\n\n<h6 id=\"r\">F\u00fcr die Stadt Schwerin<\/h6>\n\n\n<div class=\"su-list\" style=\"margin-left:0px\">\n<ul>\n<li><i class=\"sui sui-genderless\" style=\"color:#32a50a\"><\/i> <span class=\"otroestilo\">Zum 1. Sprecherratsmitglied: <\/span>Mohammad Jarjanazi<\/li>\n<li><i class=\"sui sui-genderless\" style=\"color:#32a50a\"><\/i> <span class=\"otroestilo\">Stellvertreter: <\/span>Olga Mikhaylova<\/li>\n<li><i class=\"sui sui-genderless\" style=\"color:#32a50a\"><\/i> <span class=\"otroestilo\">Zum 2. Sprecherratsmitglied: <\/span>Aldghim Hamoud<\/li>\n<li><i class=\"sui sui-genderless\" style=\"color:#32a50a\"><\/i> <span class=\"otroestilo\">Stellvertreter: <\/span>Peter Kuhlmann<\/li>\n<li><i class=\"sui sui-genderless\" style=\"color:#32a50a\"><\/i> <span class=\"otroestilo\">Zum 3. Sprecherratsmitglied: <\/span>Oqba Bry<\/li>\n<\/ul>\n<\/div>\n\n\n\n<h6 id=\"r\">F\u00fcr den Landkreis Mecklenburgische Seenplatte<\/h6>\n\n\n<div class=\"su-list\" style=\"margin-left:0px\">\n<ul>\n<li><i class=\"sui sui-genderless\" style=\"color:#32a50a\"><\/i> <span class=\"otroestilo\">Zum 1. Sprecherratsmitglied: <\/span>Luise Breider<\/li>\n<li><i class=\"sui sui-genderless\" style=\"color:#32a50a\"><\/i> <span class=\"otroestilo\">Stellvertreter: <\/span>Vasili Dautashvili<\/li>\n<li><i class=\"sui sui-genderless\" style=\"color:#32a50a\"><\/i> <span class=\"otroestilo\">Zum 2. Sprecherratsmitglied: <\/span>Wladimir Danilin<\/li>\n<li><i class=\"sui sui-genderless\" style=\"color:#32a50a\"><\/i> <span class=\"otroestilo\">Stellvertreter: <\/span>Saer Khubbieh<\/li>\n<\/ul>\n<\/div>\n\n\n\n<h6 id=\"r\">F\u00fcr den Landkreis Vorpommern Greifswald<\/h6>\n\n\n<div class=\"su-list\" style=\"margin-left:0px\">\n<ul>\n<li><i class=\"sui sui-genderless\" style=\"color:#32a50a\"><\/i> <span class=\"otroestilo\">Zum 1. Sprecherratsmitglied: <\/span>Dr. Mohammad Alkilzy<\/li>\n<li><i class=\"sui sui-genderless\" style=\"color:#32a50a\"><\/i> <span class=\"otroestilo\">Stellvertreter: <\/span>Dr. Musaffa Alzahar<\/li>\n<li><i class=\"sui sui-genderless\" style=\"color:#32a50a\"><\/i> <span class=\"otroestilo\">Zum 2. Sprecherratsmitglied: <\/span>Salah Sweed<\/li>\n<li><i class=\"sui sui-genderless\" style=\"color:#32a50a\"><\/i> <span class=\"otroestilo\">Stellvertreter: <\/span>Hassan Tiziri<\/li>\n<\/ul>\n<\/div>\n\n\n\n<h6 id=\"r\">F\u00fcr den Landkreis Nordwestmecklenburg<\/h6>\n\n\n<div class=\"su-list\" style=\"margin-left:0px\">\n<ul>\n<li><i class=\"sui sui-genderless\" style=\"color:#32a50a\"><\/i> <span class=\"otroestilo\">Zum 1. Sprecherratsmitglied: <\/span>Samer Haj Khamis<\/li>\n<li><i class=\"sui sui-genderless\" style=\"color:#32a50a\"><\/i> <span class=\"otroestilo\">Zum 2. Sprecherratsmitglied: <\/span>Ali Ahmad Joulak<\/li>\n<\/ul>\n<\/div>\n\n\n\n<h6 id=\"r\">F\u00fcr den Landkreis Rostock<\/h6>\n\n\n<div class=\"su-list\" style=\"margin-left:0px\">\n<ul>\n<li><i class=\"sui sui-genderless\" style=\"color:#32a50a\"><\/i> <span class=\"otroestilo\">Zum 1. Sprecherratsmitglied: <\/span>Shaza Alkalouf<\/li>\n<\/ul>\n<\/div>\n\n\n\n<h5 class=\"wp-block-heading\">Organisationsplan<\/h5>\n\n\n<span class=\"su-lightbox\" data-mfp-src=\"https:\/\/www.migranet-mv.de\/wp-content\/uploads\/\u00fcber-uns\/die-struktur\/Organisationsplan-2.jpg\" data-mfp-type=\"image\">\n<figure><img decoding=\"async\" src=\"https:\/\/www.migranet-mv.de\/wp-content\/uploads\/\u00fcber-uns\/die-struktur\/Organisationsplan-2.jpg\"><\/figure>\n<\/span>\n\n\n\n<h5 class=\"wp-block-heading\">Vernetzung<\/h5>\n\n\n<div class=\"su-list\" style=\"margin-left:0px\">\n<ul>\n<li><i class=\"sui sui-genderless\" style=\"color:#32a50a\"><\/i> Bundeszuwanderungs- und Integrationsrat BZI<\/li>\n<li><i class=\"sui sui-genderless\" style=\"color:#32a50a\"><\/i> Dachverband der Migrantenorganisationen in Ostdeutschland (DaMOst)<\/li>\n<li><i class=\"sui sui-genderless\" style=\"color:#32a50a\"><\/i> Landkreistag Mecklenburg-Vorpommern<\/li>\n<li><i class=\"sui sui-genderless\" style=\"color:#32a50a\"><\/i> Facharbeitsgruppen beim \u201eIntegrationsbeirat des Ministerium f\u00fcr Soziales, Integration und Gleichstellung MV\u201c<\/li>\n<li><i class=\"sui sui-genderless\" style=\"color:#32a50a\"><\/i> Mitarbeit bei der \u201eKonferenz der kommunalen Ausl\u00e4nderbeauftragten \u2013 KKAB\u201c beim Ministerium f\u00fcr Soziales, Integration und Gleichstellung MV<\/li>\n<li><i class=\"sui sui-genderless\" style=\"color:#32a50a\"><\/i> Kommunalen Integrations- und Migrations-Netzwerken in den Landkreisen und kreisfreien St\u00e4dten MV\u2019s<\/li>\n<li><i class=\"sui sui-genderless\" style=\"color:#32a50a\"><\/i> Regionalzentren der demokratischen Kultur in Mecklenburg-Vorpommern<\/li>\n<\/ul>\n<\/div>\n\n\n\n<figure class=\"wp-block-image size-large\"><img decoding=\"async\" loading=\"lazy\" width=\"1024\" height=\"762\" src=\"https:\/\/www.migranet-mv.de\/wp-content\/uploads\/\u00fcber-uns\/die-struktur\/Image00158-1024x762.jpg\" alt=\"\" class=\"wp-image-7119\" srcset=\"https:\/\/www.migranet-mv.de\/wp-content\/uploads\/\u00fcber-uns\/die-struktur\/Image00158-1024x762.jpg 1024w, https:\/\/www.migranet-mv.de\/wp-content\/uploads\/\u00fcber-uns\/die-struktur\/Image00158-300x223.jpg 300w, https:\/\/www.migranet-mv.de\/wp-content\/uploads\/\u00fcber-uns\/die-struktur\/Image00158-768x572.jpg 768w, https:\/\/www.migranet-mv.de\/wp-content\/uploads\/\u00fcber-uns\/die-struktur\/Image00158.jpg 1370w\" sizes=\"(max-width: 1024px) 100vw, 1024px\" \/><\/figure>\n","protected":false},"excerpt":{"rendered":"<p>Die struktur des Netzwerks Das Netzwerk entwickelte eine Organisationsstruktur, die auf der ersten Konferenz der MSO in MV einstimmig beschlossen wurde. Diese Struktur wird st\u00e4ndig bei den Konferenzen bei Bedarf aktualisiert. Organe des Netzwerks Der Sprecherrat wird jeweils f\u00fcr eine<\/p>\n","protected":false},"author":1,"featured_media":0,"parent":0,"menu_order":0,"comment_status":"closed","ping_status":"closed","template":"","meta":[],"_links":{"self":[{"href":"https:\/\/www.migranet-mv.de\/index.php?rest_route=\/wp\/v2\/pages\/162"}],"collection":[{"href":"https:\/\/www.migranet-mv.de\/index.php?rest_route=\/wp\/v2\/pages"}],"about":[{"href":"https:\/\/www.migranet-mv.de\/index.php?rest_route=\/wp\/v2\/types\/page"}],"author":[{"embeddable":true,"href":"https:\/\/www.migranet-mv.de\/index.php?rest_route=\/wp\/v2\/users\/1"}],"replies":[{"embeddable":true,"href":"https:\/\/www.migranet-mv.de\/index.php?rest_route=%2Fwp%2Fv2%2Fcomments&post=162"}],"version-history":[{"count":305,"href":"https:\/\/www.migranet-mv.de\/index.php?rest_route=\/wp\/v2\/pages\/162\/revisions"}],"predecessor-version":[{"id":7449,"href":"https:\/\/www.migranet-mv.de\/index.php?rest_route=\/wp\/v2\/pages\/162\/revisions\/7449"}],"wp:attachment":[{"href":"https:\/\/www.migranet-mv.de\/index.php?rest_route=%2Fwp%2Fv2%2Fmedia&parent=162"}],"curies":[{"name":"wp","href":"https:\/\/api.w.org\/{rel}","templated":true}]}}